alculate the greatest common divisor of 73 and 94316.
73
Calculate the greatest common divisor of 4269 and 1450037.
1423
Calculate the highest common factor of 448642 and 404.
202
What is the highest common divisor of 2342888 and 488?
488
Calculate the greatest common divisor of 219336 and 2442.
222
Calculate the greatest common divisor of 97 and 2923.
1
What is the greatest common factor of 52 and 2821364?
52
Calculate the greatest common factor of 62 and 26257.
31
What is the greatest common factor of 685 and 41511?
137
What is the greatest common divisor of 1981 and 137255?
283
What is the highest common divisor of 2 and 3600?
2
Calculate the highest common divisor of 98 and 80654.
98
Calculate the greatest common factor of 1984 and 434.
62
What is the highest common divisor of 20 and 368780?
20
What is the greatest common factor of 7569 and 110664?
261
Calculate the greatest common divisor of 27 and 4090149.
27
What is the greatest common factor of 36 and 1362573?
9
What is the greatest common factor of 468 and 11817?
117
What is the greatest common divisor of 54522 and 234?
234
What is the greatest common factor of 134 and 335?
67
What is the highest common divisor of 4050 and 1242?
54
Calculate the highest common factor of 18391 and 6996.
53
Calculate the greatest common factor of 3247 and 19159.
17
Calculate the highest common divisor of 380 and 70900.
20
What is the highest common divisor of 1800730 and 20?
10
Calculate the highest common factor of 3381 and 25599.
483
Calculate the highest common divisor of 37428 and 540.
12
What is the highest common divisor of 80010 and 810?
90
Calculate the greatest common factor of 1526 and 21146.
218
What is the highest common factor of 40764 and 36?
12
What is the highest common divisor of 7313 and 781?
71
Calculate the highest common divisor of 30811 and 11.
11
What is the greatest common divisor of 5952 and 543?
3
Calculate the highest common factor of 17109 and 18.
9
Calculate the greatest common factor of 336 and 1500828.
84
What is the greatest common factor of 120903 and 2532?
633
What is the greatest common factor of 26106 and 8473?
229
What is the highest common divisor of 65817 and 852?
213
What is the greatest common divisor of 1807064 and 736?
184
Calculate the highest common factor of 6025 and 154240.
1205
Calculate the greatest common divisor of 566391 and 294.
147
Calculate the greatest common factor of 233424 and 18.
18
Calculate the highest common factor of 595248 and 96.
48
Calculate the highest common factor of 189 and 4837.
7
What is the greatest common factor of 65 and 197509?
13
What is the greatest common factor of 37553 and 51?
17
What is the greatest common factor of 26015 and 22?
11
What is the highest common divisor of 2120 and 5760?
40
Calculate the highest common divisor of 174 and 4341822.
174
What is the greatest common factor of 317423 and 437?
23
What is the highest common factor of 425 and 1165?
5
Calculate the greatest common divisor of 975 and 148365.
15
What is the highest common divisor of 1700 and 148325?
425
What is the highest common divisor of 36 and 67816?
4
Calculate the greatest common factor of 4389014 and 111.
37
What is the highest common divisor of 114 and 32202?
6
What is the highest common factor of 5522 and 880?
22
What is the highest common divisor of 12789648 and 144?
144
Calculate the highest common divisor of 245456 and 464.
464
Calculate the greatest common divisor of 421800 and 2400.
600
Calculate the greatest common divisor of 17447 and 3824.
239
Calculate the greatest common divisor of 51 and 41627.
1
Calculate the highest common factor of 20235 and 184395.
285
Calculate the greatest common factor of 618246 and 243.
27
What is the highest common factor of 60361 and 28?
7
What is the greatest common divisor of 67674 and 6?
6
Calculate the greatest common divisor of 66656 and 32.
32
What is the highest common factor of 10098 and 6567?
33
What is the greatest common factor of 268232 and 20?
4
What is the highest common divisor of 350 and 1932?
14
What is the highest common divisor of 646008 and 1144?
88
What is the greatest common divisor of 108 and 139428?
108
What is the highest common divisor of 37380 and 13172?
356
What is the greatest common divisor of 1694066 and 110?
22
What is the highest common divisor of 127 and 118999?
127
What is the highest common divisor of 4560 and 12635?
95
Calculate the greatest common factor of 49607 and 2195.
439
What is the greatest common divisor of 2698 and 7313?
71
What is the greatest common factor of 1220340 and 132?
132
What is the greatest common factor of 198866 and 34?
34
What is the highest common divisor of 179065 and 20?
5
Calculate the greatest common divisor of 48 and 3320272.
16
Calculate the greatest common divisor of 21518 and 12586.
406
Calculate the greatest common factor of 21 and 287931.
21
Calculate the highest common divisor of 7455950 and 100.
50
What is the highest common divisor of 2553046 and 92?
46
What is the greatest common divisor of 792 and 158796?
396
Calculate the greatest common divisor of 2936 and 757121.
367
Calculate the greatest common factor of 3114 and 4734.
18
What is the greatest common divisor of 9516 and 52?
52
Calculate the highest common factor of 51684 and 40356.
708
Calculate the greatest common factor of 37400 and 84920.
440
Calculate the highest common divisor of 201 and 130382.
67
Calculate the highest common factor of 512 and 409264.
16
What is the highest common divisor of 93296 and 4624?
272
What is the highest common factor of 141 and 3747874?
47
What is the greatest common factor of 7044 and 108?
12
What is the greatest common divisor of 1043 and 133057?
149
What is the highest common factor of 661752 and 1560?
312
What is the highest common factor of 119043 and 756?
27
What is the greatest common factor of 88000 and 649?
11
Calculate the greatest common factor of 4 and 530428.
4
What is the highest common factor of 517776 and 18354?
966
What is the highest common divisor of 1026 and 13072?
38
Calculate the greatest common factor of 1781 and 325.
13
Calculate the highest common divisor of 30 and 2314080.
30
Calculate the highest common divisor of 251464 and 476.
68
What is the greatest common factor of 31461 and 3?
3
Calculate the greatest common factor of 50 and 901625.
25
Calculate the greatest common divisor of 106 and 914.
2
Calculate the greatest common divisor of 515 and 151101.
103
What is the greatest common factor of 21319228 and 28?
28
What is the greatest common factor of 28 and 55300?
28
What is the highest common factor of 141 and 5603857?
47
Calculate the highest common factor of 12862 and 1526.
218
What is the greatest common factor of 27360 and 810?
90
Calculate the highest common divisor of 82776 and 114.
6
Calculate the greatest common factor of 354 and 122661.
177
What is the greatest common factor of 8483 and 1411?
17
What is the greatest common divisor of 570 and 1653570?
570
What is the highest common factor of 707 and 505?
101
What is the highest common factor of 7832 and 1375?
11
Calculate the highest common divisor of 1060449 and 390.
39
What is the highest common divisor of 139 and 3484174?
139
What is the highest common factor of 195547 and 29?
29
What is the highest common factor of 1001400 and 800?
200
What is the highest common factor of 252421 and 13?
13
Calculate the highest common factor of 630 and 5922.
126
Calculate the highest common divisor of 10 and 7454.
2
Calculate the greatest common factor of 155 and 1990.
5
What is the highest common factor of 293438 and 10?
2
Calculate the highest common factor of 2694 and 768.
6
Calculate the greatest common divisor of 55980 and 100.
20
What is the greatest common divisor of 1141206 and 66?
66
What is the greatest common divisor of 17 and 253963?
17
Calculate the greatest common factor of 248776 and 28072.
968
What is the greatest common divisor of 36504 and 374504?
1352
Calculate the highest common divisor of 4402 and 5254.
142
Calculate the highest common factor of 44 and 445423.
11
Calculate the highest common divisor of 8618 and 7.
1
What is the greatest common divisor of 1339914 and 6?
6
Calculate the greatest common factor of 13528 and 16.
8
Calculate the highe